o be p(8). Suppose o = -4*s + 8*s - 348. What are the prime factors of s?
3, 29
Suppose l - 2*l = -129. Suppose -4*y + y = -l. Suppose -d - 73 = -4*d - 2*c, -y = -d + 4*c. List the prime factors of d.
3
Let v(n) = -10 + 36 - 2*n**2 + 0*n**2 - 11. List the prime factors of v(0).
3, 5
Let n = 388 - -111. List the prime factors of n.
499
Suppose -11*r + 4045 = -6*r. Suppose -11*a = -r + 72. What are the prime factors of a?
67
Let m(q) = q + 4. Let f(g) = -g**2 - 6*g + 8. Suppose -b - 23 = 3*d, 3*d - b + 1 = 2*d. Let w be f(d). What are the prime factors of m(w)?
2, 3
Suppose 3*s - 30 = -2*x, -x - 2*s + 53 = 4*x. Let p(v) = -4*v**3 + 6*v - 11 + 2*v**3 - 9*v**2 + 3*v**3. List the prime factors of p(x).
43
Let c = 108 + -111. Suppose -j = -4*j - 3. What are the prime factors of j + 3/(c/(-29))?
2, 7
Suppose -3*d = -2*u + 7, -2 = 5*u - d - 13. Suppose 4*o + 3*l + 239 = 2*o, 0 = 4*o + u*l + 490. What are the prime factors of 15/(-3)*o/10?
2, 31
Suppose 0*p + 2*c + 419 = p, -2*p + 793 = 5*c. List the prime factors of p.
409
Suppose -2*j = -j + 5. List the prime factors of j - (-164)/32 - 606/(-16).
2, 19
Let r = 492 + 142. List the prime factors of r.
2, 317
Suppose -139*j + 1635 = -136*j. What are the prime factors of j?
5, 109
Suppose d = -2*x - 344, -3*x = x + 4*d + 688. What are the prime factors of ((-2)/(-8) - x/80)*15?
2, 3
Let d = -6 - -11. Let c(s) = 6*s**2 - s. Let w(i) = 6*i**2 - i. Let m(k) = d*c(k) - 4*w(k). What are the prime factors of m(-2)?
2, 13
Suppose 4*i = -5*g, 2*g - 4*i + 39 - 11 = 0. Let y be 30/g*(-2)/3. Suppose -3*k + 44 = y*c - c, -3*k + 4*c + 52 = 0. What are the prime factors of k?
2
Let t be 20 - (-2 - 0 - -6). Let g = 20 - t. Suppose h - q - 38 = 0, h + g*q + 47 = 2*h. What are the prime factors of h?
5, 7
Let d(y) = -y**3 + 5*y**2 + y - 1. Let t be d(5). Let k(n) = -33*n - 7. Let v(q) = 32*q + 6. Let u(z) = t*k(z) + 5*v(z). List the prime factors of u(1).
2, 3, 5
Suppose -2*b = 5*v - 47, 0 = 3*b - 5*b - 4*v + 42. Suppose b*c = 1327 - 51. List the prime factors of c.
2, 29
Suppose 14 - 59 = -2*a + 5*v, a + 4*v - 3 = 0. Suppose 13 = -4*p - a. Let r = 11 + p. What are the prime factors of r?
2
Let w be (-1800)/22 + 11/((-121)/2). Let i = 183 + -66. Let k = i + w. What are the prime factors of k?
5, 7
Suppose 9 = -3*k + 84. Let a = k - -109. Let m = -94 + a. List the prime factors of m.
2, 5
Let v = -1123 - -2651. List the prime factors of v.
2, 191
Let w(b) = -3*b**3 - 5*b**2 + 3*b + 4. Let x be w(-3). Let r = -16 + x. What are the prime factors of r?
3, 5
Let c be 0 + (-12)/3*3. Let q be (-2090)/c + (-8)/48. Suppose 0 = -o + 5*o - r - q, -r = -2. List the prime factors of o.
2, 11
Let j(b) = b**3 + 8*b**2 + b + 5. Let n = -35 - -59. Suppose 3*i + n = -3*a - 3, -3*a - 5*i - 31 = 0. List the prime factors of j(a).
47
Suppose 0 = 5*q + 3 - 3. Suppose 0 = 2*l - 9 - 9. Suppose q = x - l - 4. List the prime factors of x.
13
Let n = -17 - -19. Let m(a) = 0 - 2*a**2 + 1 - 4*a + 0*a + n*a**3 - 2. What are the prime factors of m(3)?
23
Suppose 3*u + 3*u + 0*u = 0. What are the prime factors of (u + -1 + 2)*19?
19
Suppose -5*k - 5*b + 361 = -k, 0 = -3*k - 5*b + 277. Let j = -35 + k. List the prime factors of j.
7
List the prime factors of (1 - -643) + (4 - 3).
3, 5, 43
Suppose 0 = -y - 5*i + 466, -3*y + 1987 - 541 = 3*i. What are the prime factors of y?
2, 3
Suppose 12 = -3*y + 27. Let n(u) = 3*u**2 - 2*u + 5*u - y*u - 1 - 2. What are the prime factors of n(3)?
2, 3
Let z be (6 - 2) + 350 + 6. Suppose -m + 3*m = 0, -z = -4*s + 4*m. List the prime factors of s.
2, 3, 5
Let x(v) = v + 2. Let s be x(0). What are the prime factors of s/(-6) - (-102)/9?
11
Suppose 45 = 2*v + v. Let j(q) = q**2 - 12*q - 42. List the prime factors of j(v).
3
Let q = -96 - -145. Let z = 12 + q. What are the prime factors of z?
61
Let f be 5 - (5 - (2 - 0)). Suppose 42 = f*y + y. What are the prime factors of (y/(-21))/((-2)/39)?
13
Suppose 4*q + z - 3 = 2, 5*q + 2*z = 10. Suppose q = -3*u - u. Suppose u = -0*j + 8*j - 16. What are the prime factors of j?
2
Suppose 0*k - 192 = 5*k + 4*z, 0 = 3*z - 6. Let j = -5 - k. What are the prime factors of j?
5, 7
Suppose 10*d - 343 - 137 = 0. Let p = 119 + d. List the prime factors of p.
167
Let j(m) = 26*m**2 + 8*m - 47. List the prime factors of j(5).
643
Let j(h) = -56*h - 6. Let k be j(2). Let f = k + 223. What are the prime factors of f?
3, 5, 7
Let g(u) = u**2 + u + 2. Let a be g(2). What are the prime factors of (3/12*-14)/((-2)/a)?
2, 7
Let m = 2058 + -648. What are the prime factors of m?
2, 3, 5, 47
Let m = 1883 + -1267. What are the prime factors of m?
2, 7, 11
Let d(r) = -r**3 + 19*r**2 + 10. Let l be d(19). Suppose -1326 = -l*p + 4*p. List the prime factors of p.
13, 17
List the prime factors of (-41988)/(-108) - (-2)/9.
389
Let i = 2545 + -1150. List the prime factors of i.
3, 5, 31
Let a = 288 + -204. Suppose -4*f + 3*m + a = -114, 0 = 3*f + m - 155. What are the prime factors of f?
3, 17
Suppose 20 = 4*j - 2*j. Suppose j - 66 = x. Let z = 80 + x. What are the prime factors of z?
2, 3
Let x be 114/(-4)*8/(-12). Let g = x + -13. What are the prime factors of (-55)/(-3) - 2/g?
2, 3
Let z = 1321 - 547. List the prime factors of z.
2, 3, 43
Let x = 3060 - 102. List the prime factors of x.
2, 3, 17, 29
Suppose -5*k - 5*z - 5517 = -7*k, -5*k = -3*z - 13802. What are the prime factors of k?
11, 251
Let i(z) = -1017*z - 26. List the prime factors of i(-1).
991
Let q = 2085 + -1313. What are the prime factors of q?
2, 193
Suppose s - 11 = 9. Let v = 78 - s. What are the prime factors of v?
2, 29
Let f(a) = 59*a**3 + a**2 - a. Suppose -n - 3 = -4*n. Let d be f(n). Let m = d + -39. List the prime factors of m.
2, 5
Let a(v) = 25*v**3 - 24*v**2 + 50*v - 3. List the prime factors of a(4).
3, 157
Let k = -1222 + 2203. List the prime factors of k.
3, 109
Let s(l) = -6*l**2 + 4*l + 4. Let m be s(4). Let p be m/(3 + (-8)/4). Let q = -46 - p. What are the prime factors of q?
2, 3, 5
Suppose 3*s - 821 = -4*a, 0*a - 4*a = -8. What are the prime factors of s?
271
Let i = 18 - 63. Let k = 117 + -52. Let r = k + i. What are the prime factors of r?
2, 5
Let q be 2/4*(-1)/((-1)/(-64)). Let f be 1/(-2) - (-822)/(-12). Let l = q - f. What are the prime factors of l?
37
Let m(t) be the third derivative of t**4/24 - t**3/6 - 2*t**2. Let p be m(3). Suppose -p*y + 85 = 3*i, -5*y = 5*i - 151 + 11. List the prime factors of i.
29
Let m(f) = -561*f - 303. List the prime factors of m(-7).
2, 3, 151
Let x = 74 + -61. Suppose 4*v = x + 19. List the prime factors of v.
2
Suppose -1216 = -4*b - 5*d, b - 2*d - 82 = 209. List the prime factors of b.
13, 23
Let h(q) = q**3 + 8*q**2 - 9*q + 3. Let p be h(-9). Suppose -165 = -p*o + 2*s, 3*s = -10 + 1. List the prime factors of o.
53
Suppose 3*f - 7*f = -512. Suppose f = 4*n - 108. What are the prime factors of n?
59
Let r = 27 + 10. Suppose -j + 8 = -r. List the prime factors of j.
3, 5
Let s(y) = -66*y - 15. Let x(n) = -n + 1. Let v(q) = -s(q) - 9*x(q). What are the prime factors of v(1)?
3
Suppose o = 195 + 242. What are the prime factors of o?
19, 23
Let b be (-112)/42*93/4. Let s = b + 165. List the prime factors of s.
103
Suppose 0 = 4*i - 3*l - 2*l + 1, -3*i = 5*l + 27. What are the prime factors of ((-320)/(-12) + i)*3?
2, 17
Suppose -3 = 4*a - 15. Suppose 3 = -a*z, h + z = -2*z + 118. What are the prime factors of h?
11
Let u(k) = -3*k + 5*k - 4 - 3*k. Let w be u(-4). Suppose -2*v + 6 = -w*v. List the prime factors of v.
3
Let w(d) = -2*d**2 - 9*d. Let l be w(-5). Let g(y) = -y**3 - 5*y**2 - y - 10. Let i be g(l). Let u(c) = c**2 - 7*c - 3. What are the prime factors of u(i)?
3, 19
Let f = 591 - -591. List the prime factors of f.
2, 3, 197
What are the prime factors of -2*(2 - (-781)/(-22))?
67
Suppose d + 13*o - 426 = 10*o, -5*d = 2*o - 2130. List the prime factors of d.
2, 3, 71
Suppose 0 = -9*y + 3886 + 227. What are the prime factors of y?
457
Let m(c) = c**2 - c + 1. Let j be m(2). Let n(r) = r**3 - r**2 - 2*r + 4. Let b be n(2). Suppose j*x - 23 = a, a = -0*a + b. List the prime factors of x.
3
Suppose 0*y - 6 = -y. Let g be 16/3*27/y. What are the prime factors of g/16 + (-122)/(-4)?
2
Suppose g + 0*g + 5*z + 315 = 0, 3*g + 3*z + 897 = 0. Let r = 426 + g. List the prime factors